 Suppose 2*v = -5*z + 6*v - o, v - 9 = -3*z. What is the remainder when b is divided by z?
0
Let f = 18 + -15. Let z = 6 + -3. What is the remainder when f is divided by -1 - (-2 - z) - 2?
1
Let a(i) = 2*i + 19. Calculate the remainder when a(9) is divided by 14.
9
Let r(t) = t**3 - 2*t**2 - 3*t - 3. Let g be r(3). Let d(k) = -k**2 - 6*k - 3. Calculate the remainder when 15 is divided by d(g).
3
Let z(d) = 5*d**2 + d - 1. Calculate the remainder when z(-2) is divided by 11.
6
Let v be (-28)/(-13) - 14/91. Suppose -3*a = -4*y + 44, -3*a + v*a = 0. Let p(b) = 21*b - 1. What is the remainder when p(1) is divided by y?
9
Let r = -14 + 22. Suppose -16 = -p - r. Calculate the remainder when 14 is divided by p.
6
Suppose -46 = -3*n + n. Let m = n - 17. Calculate the remainder when 9 is divided by m.
3
Calculate the remainder when 16 is divided by (-12)/(-32)*-4*-6.
7
Suppose n - 8 = -2*a + 8, 4*a = n + 14. Let r(m) = -1 + 8 - 4 + 9 - m. What is the remainder when n is divided by r(8)?
2
Let q = 32 - 4. Suppose -3 = -5*v + 12. Suppose -v*b = 2*b - 75. What is the remainder when q is divided by b?
13
Suppose 134 = 5*g - 271. What is the remainder when 17 is divided by ((-4)/(-6))/(6/g)?
8
Suppose -4*t - 65 + 181 = 0. What is the remainder when 144 is divided by t?
28
Let h(l) = l**2 - 2*l - 19. What is the remainder when h(9) is divided by 9?
8
Suppose 2*w = -b - 3*w + 13, 4*w = 0. Calculate the remainder when 37 is divided by b.
11
Let a be 433/(-6) + (-1)/(-6). Let q = -13 - a. Calculate the remainder when q is divided by 31.
28
Let i = 33 - 20. Let f be 1/((-3)/2 + 2). Suppose -2*d - 4*k = -10, f*k + 11 = d - 2*k. What is the remainder when i is divided by d?
6
Suppose 2*b = b + 15. Let u be 1*3*(-4)/(-6). Suppose f = 6 - u. Calculate the remainder when b is divided by f.
3
Let c(s) = -5*s**3 - 2*s**2 - s. Let m(u) = 2*u - 1. Let v(f) = f - 2. Let d be v(6). What is the remainder when m(d) is divided by c(-1)?
3
Suppose -4*k - 4*s + 32 = 0, -3*k + 43 - 1 = -3*s. What is the remainder when 30 is divided by k?
8
Suppose 0 = -3*j - 5*m - 33, 2*j + 4 = 2*m - 2. What is the remainder when 22*2/(-8)*j is divided by 38/2 + (-3 - -1)?
16
Suppose u + 4*v = 14, -3*v + 8*v = -20. Let r = u + -8. Calculate the remainder when 43 is divided by r.
21
Let t = 8 - -21. Suppose 5*r - 4*r = 55. Suppose -5*p = 4*y - r, -6*y + y = -p - 47. What is the remainder when t is divided by y?
9
Let r(o) = -o**2 + 14*o - 21. Calculate the remainder when -24*16/(-12) - -2 is divided by r(11).
10
Let x = -1 - 0. Calculate the remainder when (25/10)/(x/(-6)) is divided by 8.
7
Let p be ((-24)/(-14) + -2)*-7. Suppose 2*w - p*y = 40 + 34, -3*w + y = -117. What is the remainder when w is divided by 14?
12
Suppose -2*h + 2*m - 2 = 4, 0 = 5*h + 4*m - 3. Let l(f) = 3 - 4*f + f**2 - 5 + 6*f + 3 - 14*f**3. What is the remainder when l(h) is divided by 8?
6
Let r(t) = 5*t - 5. Let l(s) be the second derivative of s**4/3 - s**3/3 - s**2/2 - 3*s. Let m be l(-1). Calculate the remainder when 39 is divided by r(m).
19
Suppose 0 + 3 = a. Let u = 0 + a. Let g = -1 - -5. What is the remainder when g is divided by u?
1
Let a be 6/8*160/4. Suppose 3*t = 33 + a. Calculate the remainder when t is divided by 11.
10
Let g(f) = 2*f**3 - 2*f**2 + 3*f - 2. Let p(j) = -j**3 - 5*j**2 + 8*j + 14. Let l be p(-6). What is the remainder when (l - 6) + 54 + -3 is divided by g(2)?
11
Let d(x) = 38*x**2 - 3*x - 12. Calculate the remainder when d(-2) is divided by 21.
20
Let y be (-3)/9 + 24/(-9). Calculate the remainder when 4 is divided by (y - -2)/((-2)/4).
0
Suppose 3*f - f = 12. Calculate the remainder when (-3)/f*(3 - 27) is divided by 7.
5
Suppose 0 = -7*s + 4*s + 120. Calculate the remainder when s is divided by 14.
12
Let u(s) = -s + 2. Let h be u(6). Calculate the remainder when 11 is divided by 2/((10/h)/(-5)).
3
Suppose 0 = v + 4*v + 4*m - 116, 28 = 2*v - 3*m. What is the remainder when v is divided by 6?
2
Calculate the remainder when 22 is divided by 6 + -4 + (-4 - 1)*-1.
1
Let g(l) = -l**2 - 7*l + 6. Let d be g(-7). Let m(v) = -2 - d*v**3 + 1 + v**3 + 2*v**3 - 2*v - 3*v**2. What is the remainder when m(-2) is divided by 8?
7
Suppose -3*k = -13 - 5. Suppose 0 = p - 9 - 8. Calculate the remainder when p is divided by k.
5
Suppose -l + 103 = 2*l - 2*n, 5*l - 2*n - 177 = 0. Let q(k) = 2*k - 1. Calculate the remainder when l is divided by q(10).
18
Suppose -z - 36 = -4*z. Suppose 66 = 6*a - 72. Calculate the remainder when a is divided by z.
11
Suppose 4*x = 24 + 56. Calculate the remainder when x is divided by 11.
9
Suppose -32 = -4*y - 5*q, 2*y + 5*q = y + 23. Let t(m) = -6*m + 2. Calculate the remainder when t(-1) is divided by y.
2
Suppose 0*j + 4*j = 32. Let t = 187 + -99. Suppose t = 4*f + 4*c, 2*f = f + c + 24. Calculate the remainder when f is divided by j.
7
Suppose -4*f + 108 = 2*o, f - 5*o = -2*f + 107. What is the remainder when 54 is divided by f?
25
Let u(p) = 3*p**2 - 19*p + 4. Calculate the remainder when u(9) is divided by 13.
11
Let u = -31 - -12. Let g be (-1 + 2)/(2/(-60)). Let l = u - g. What is the remainder when l is divided by 6?
5
Suppose 0 = p - 1, p = 3*s - 6 - 56. Suppose d + 2*d = 2*x - 39, 5*x + 2*d - 50 = 0. Calculate the remainder when s is divided by x.
9
Let v(j) = -j**3 - 7*j**2 - 3*j - 1. Suppose -5*s - 4*k - 243 - 282 = 0, -446 = 4*s - 2*k. Let c = -51 - s. What is the remainder when c is divided by v(-7)?
18
Let p = -201 + 234. Suppose -5*k - 5*l = -35, -3*l - 88 = -5*k - 13. What is the remainder when p is divided by k?
9
Let w = -3 - -9. Let h(i) = i**3 - 7*i**2 + 8*i + 3. What is the remainder when 28 is divided by h(w)?
13
Suppose 37 = 5*s - 2*a, 3 = -4*a + a. Let m(x) = -x**2 + 1. Let n(z) = 3*z**2 + 16. Let p(f) = 4*m(f) + n(f). What is the remainder when p(0) is divided by s?
6
Suppose 0 = 2*r - 2*i + 3 - 11, -4*i = 2*r - 38. What is the remainder when 42 is divided by r?
6
Let k = -29 + 79. Suppose -4*t - l = -3*l - k, -35 = -3*t + l. What is the remainder when 38 is divided by t?
8
Let m(h) = h**3 - 10*h**2 - 10*h - 5. Calculate the remainder when 15 is divided by m(11).
3
What is the remainder when (-3 - 39/(-9))/((-2)/(-21)) is divided by 8?
6
Let n(s) = 22*s - 1. Let q(o) = o**2 - 5*o + 2. Let v be q(5). What is the remainder when n(v) is divided by 11?
10
Let u(c) = 29*c**2 - 2*c - 1. Let i be u(-1). Suppose 0*k + k - 4*x = 25, -2*x - i = -4*k. Suppose g + 16 = k*g. What is the remainder when 7 is divided by g?
3
Let l = -14 + 17. What is the remainder when l is divided by ((-3)/2 - -1)*-4?
1
Let f be ((-24)/(-10))/(6/15). Suppose 2*v = 4*v - f. What is the remainder when 4 is divided by v?
1
Suppose 0*l - 20 = 5*l. What is the remainder when (-100)/(-7) + l/14 is divided by 8?
6
Suppose -1 = -2*h + 23. What is the remainder when h is divided by 5?
2
Suppose -20 + 170 = 10*a. What is the remainder when 41 is divided by a?
11
Let k(r) be the second derivative of -13*r**3/6 + r**2/2 + 2*r. What is the remainder when k(-1) is divided by 5?
4
Calculate the remainder when -13 - -229 - (-3)/1 is divided by 37.
34
Suppose 0 = -3*s + 2*o + 18, -o - 33 = -4*s - 9. Calculate the remainder when 30 is divided by s*(-12)/27*-6.
14
Let d = 277 - 187. Calculate the remainder when d is divided by 46.
44
Let n(u) = -36*u**3 - u. Calculate the remainder when n(-1) is divided by 14.
9
Suppose -4*h + 6*x - 3*x = -16, 0 = -3*h - 4*x + 12. Let d be 1/2*-9*-2. Suppose -d = -h*c + c. Calculate the remainder when c is divided by 2.
1
Let k be 4/14 + (-2)/7. Let r(g) = 8*g - 44. Let d be r(6). Suppose -b = 2*b + 4*c - 58, d*b + c - 60 = k. What is the remainder when 25 is divided by b?
11
Let u(y) be the second derivative of 1/6*y**4 + 0 + 0*y**2 - 1/6*y**3 - 2*y. What is the remainder when u(3) is divided by 8?
7
What is the remainder when (0 - -22) + (13 - 11) is divided by 13?
11
Suppose 4*o = 12*o - 152. What is the remainder when o is divided by 3?
1
Suppose 5*f - 25 = 0, 3*f + 3 = p - 6. What is the remainder when p is divided by 14?
10
Let z = 34 - 18. Calculate the remainder when 29 is divided by z.
13
Let a = -5 + 5. Suppose a = 3*c - 2*n - 65 + 18, 5*n + 7 = c. Calculate the remainder when c is divided by 9.
8
Let j = -18 - -30. Let w = 18 - j. Let b(h) = h**3 + 6*h*